(2 - 10)*(3 - 4). Suppose 5*i - 10 = -2*w + f, -23 = -w + i. Calculate the remainder when 90 is divided by w.
14
Suppose 5*u - 170 = -5*i, 2*u + 27*i - 24*i = 68. Let t(m) = m**3 - 10*m**2 + 9*m + 12. Calculate the remainder when t(11) is divided by u.
28
Let q = -17530 + 18125. Calculate the remainder when q is divided by 74.
3
What is the remainder when 469 is divided by 19 - (-10 + 8) - 8/2?
10
Let x(u) = -49*u - 3. Let l be x(4). Let k = l + 232. What is the remainder when 65 is divided by k?
32
Let f = 11 - -11. Suppose -u - 2 = -f. Suppose 704 = -4*w + u*w. What is the remainder when 129 is divided by w?
41
Let g = -59 + 130. Suppose -53 - 7 = 10*c. What is the remainder when (g/(-2))/(c/12) is divided by 24?
23
Let s(n) = -n**3 - 30*n**2 - 65*n - 957. What is the remainder when 1387 is divided by s(-29)?
82
Let j(y) = y**3 + 21*y**2 + 8*y - 186. Calculate the remainder when 5559 is divided by j(-20).
51
Calculate the remainder when (-3 + (-2)/2)*1095/(-24)*2 is divided by 290.
75
Let k(p) = -7*p**2 + 19*p**2 + 25*p**2 + 8*p - p**3 + 12*p**2 - 187 - 2*p**2. What is the remainder when k(47) is divided by 12?
9
Let g(k) = k**3 - k + 20. Let d be 5*(0 - -1) + (-585)/117. Suppose -76*u + 75*u + 37 = d. What is the remainder when u is divided by g(0)?
17
Suppose -45 = -2*x + 2*c + 13, 4*x + 3*c = 95. Let h = x - 5. Calculate the remainder when 4/3*h - 0 is divided by 15.
13
Let g(r) = -r**2 - 15*r - 2. Let y be ((-12)/(-3) - 4) + -4. Suppose 3*i - 152 = -2*z, 2*i = -2*z + 9 + 147. Calculate the remainder when z is divided by g(y).
40
Let x(b) = 2*b**2 + 80*b + 860. Calculate the remainder when 4222 is divided by x(-14).
130
Let z = -1091 + 1839. Let j = -732 + z. What is the remainder when ((-43)/4)/((-1)/4) is divided by j?
11
Let a(d) = -2*d**3 + d**2 + 18. Let l be ((-10)/7 - -1) + 102/42. Suppose 35 = k - 3*b, k = 5*k - l*b - 190. Calculate the remainder when k is divided by a(0).
14
Let k = -201 + 523. What is the remainder when k is divided by 138?
46
Suppose 2*i = -927 + 917. Let o = i + 40. Calculate the remainder when 138 is divided by o.
33
Suppose 50*j - 55*j = -36*j + 6696. Calculate the remainder when 809 is divided by j.
161
Suppose 5*s = 5*k - 90, -94 = 5*s - 4*k + 3*k. Let b = 37 + s. Suppose -z + 152 = 5*w, -178*z = 4*w - 180*z - 130. What is the remainder when w is divided by b?
13
Let o = -1 + 6. Suppose 19332 + 1437 = 398*k + 4053. What is the remainder when k is divided by o?
2
Let n(a) = -a**3 - 735*a**2 + 6705*a - 42. Let t(p) = 348*p**3 - p + 1. What is the remainder when t(1) is divided by n(9)?
36
Let n(g) be the first derivative of -10*g**2 - 27*g + 61. Calculate the remainder when n(-3) is divided by 22.
11
Let b = -11292 + 12338. What is the remainder when b is divided by 1040?
6
Let h = 2146 + -2129. What is the remainder when h is divided by 2?
1
Suppose -185 = -9*y + 193. Let s be ((-6)/5)/(y/(-140)). Suppose -s*k = 13 - 25. Calculate the remainder when 3 is divided by k.
0
Let t be (-2)/(6/(-12) + 0) - -140. What is the remainder when 183 is divided by -2*40*(4 - t/30)?
55
What is the remainder when (2104/(-50))/(-1) - 30/375 is divided by 39?
3
Let n = -2446 + 2535. What is the remainder when 870 is divided by n?
69
Let d be (-23)/((-138)/(-144))*29/(-3). Let k = 247 - d. Calculate the remainder when 130 is divided by k.
10
Let n = -30 - -51. Let x(z) = -2*z**2 + 23. Let i be x(7). Calculate the remainder when n is divided by -4 + 11/((-55)/i).
10
Suppose 6 = -2*z, 3*o - 2*z = -72 - 69. Let t = 511 + o. Calculate the remainder when t is divided by 31.
28
Suppose -5*t + 4 = -3*y, 4 = 5*t - 6*t. Let h(c) = -2*c**3 - 18*c**2 + c + 16. Calculate the remainder when ((-26)/y)/(3/36) is divided by h(-9).
4
Suppose 0 = 7*h + 566 - 734. Suppose -2*d + 2*w = -24, -4*d + 63 - 5 = -2*w. What is the remainder when 0 - 63*(-32)/h is divided by d?
16
Suppose -3*z + 16 = -x - 20, -22 = -z - 3*x. Let g(r) = -2*r**2 - 19*r + 37. Let a be g(-15). Let u = a - -163. What is the remainder when u is divided by z?
9
Let p(i) = -233*i + 6. Suppose -6*s = 4*n - 2*s - 320, 0 = -s + 1. Calculate the remainder when p(-2) is divided by n.
77
Let p(a) be the second derivative of -a**4/12 - 7*a**3/6 - 7*a**2/2 - 6*a. Suppose 0 = 2*d + 7 - 1. What is the remainder when 11 is divided by p(d)?
1
Let g(u) = 77*u - 1906. What is the remainder when 92 is divided by g(25)?
16
Suppose -337 = 6*w - 115. Let g = -73 - -130. Let v = w + g. What is the remainder when v is divided by 8?
4
What is the remainder when 3946 is divided by 150/45*((-5)/(-4) - (-708)/240)?
12
Let f(m) = 235*m - 147. Calculate the remainder when 1933 is divided by f(1).
85
Let z = 6339 - 6328. What is the remainder when (-3)/(6/(-4))*12 is divided by z?
2
Calculate the remainder when (109752/170)/(16/40) is divided by 148.
134
Suppose 42*z - 329 = 1309. Calculate the remainder when 109 is divided by z.
31
Calculate the remainder when 1146 is divided by 457/2 - 3 - (-5)/10.
16
Suppose 2*o - 21 - 125 = 0. Let t = 55651 + -55448. What is the remainder when t is divided by o?
57
Let w be 1/4 - (3 + (-5884)/16). Suppose 4*g + 0*d = d + w, -5*d + 359 = 4*g. Calculate the remainder when g is divided by 47.
44
Let u(o) = o**3 + 8*o**2 + 12*o + 4. Let d be u(-6). Let q(w) = d*w - 13*w - 12 + 2*w + 4*w. Calculate the remainder when 47 is divided by q(-8).
11
Let y = -9600 - -9677. What is the remainder when 391 is divided by y?
6
Calculate the remainder when 192 is divided by -1 + 24/22 + 143070/1045.
55
Let v = -7586 + 7672. Calculate the remainder when v is divided by 30.
26
Suppose 0 = 9*u - 3*u - 252. Calculate the remainder when 37 is divided by (-3)/((u/26)/(-7)).
11
Let p = 102 - 74. Suppose 4*n = -2*u - 2, -2*n + p = 2*n - 4*u. Calculate the remainder when 5 is divided by n.
1
Let h(b) = 13*b**3 - 3*b**2 + 32*b - 138. What is the remainder when h(4) is divided by 6?
0
Suppose 3*g + 282 = -4*o - 7, -5*g = 2*o + 155. Let a = o + 124. What is the remainder when a is divided by 21?
12
Suppose 0 = -60*v - 22212 + 23292. What is the remainder when v is divided by (-2)/(-8) + 11/4?
0
Let t(a) = -14*a + 598. What is the remainder when t(39) is divided by (8/(-12))/(2/(-24))?
4
Let a(v) = -14*v**2 + 51*v - 146. Let l(p) = 5*p**2 - 17*p + 49. Let y(t) = 4*a(t) + 11*l(t). What is the remainder when 34 is divided by y(13)?
6
Let v = 13527 + -13511. What is the remainder when (-893)/(-4) + (-1)/4 is divided by v?
15
Let w = 138 + -92. Suppose 832*l - 704 = 824*l. Calculate the remainder when l is divided by w.
42
What is the remainder when 55/44 - (163956/(-16))/3 is divided by 15?
12
Let y(p) = -2*p**2 + 3*p - 11. Let s(f) = -2*f**2 + 4*f - 12. Let h(d) = 5*s(d) - 6*y(d). Calculate the remainder when 182 is divided by h(-5).
44
Let y = 231 + -231. Suppose -28*k - 5*k + 1551 = y. Let m(q) = q**2 + 3*q + 2. Calculate the remainder when k is divided by m(-5).
11
Let a(b) be the third derivative of -b**5/60 - 35*b**4/24 + 115*b**3/6 - 2*b**2 + 58. Calculate the remainder when 113 is divided by a(-37).
31
Let b(x) = x**3 + 14*x**2 + 54*x + 91. Let a be b(-9). Let y = 37 + -22. Let f = y + a. Calculate the remainder when 124 is divided by f.
24
Let b(x) = 3*x + 27. Let w be b(-10). Calculate the remainder when 5/(-5)*-1 + 81 is divided by w + 416/28 + (-1)/(-7).
10
Suppose -55*o = 22*o + 51*o - 1792. What is the remainder when 3231 is divided by o?
11
Let z = -25 + 35. Suppose -3*m = 5*h - 35, z*m + 65 = 4*h + 5*m. Let v(w) = 8*w + 3. Calculate the remainder when v(8) is divided by h.
7
Suppose 5*a = -47 - 13. Calculate the remainder when (258/(-4))/(-21*15/210) is divided by 4/(-3)*a - 0.
11
Suppose 574*s = 543*s + 750447 - 36610. What is the remainder when s is divided by 101?
100
Suppose -72866*a = -72845*a - 378. Calculate the remainder when (-1446)/(-14) - 10/35 is divided by a.
13
Let m(i) = -i**3 - 79*i**2 + 255*i + 788. Suppose 0 = 3*t - 382 - 32. Calculate the remainder when t is divided by m(-82).
38
Let s(f) = -2*f**3 - 33*f**2 + 34*f - 3. Calculate the remainder when s(-18) is divided by 11.
5
Suppose -10*h - 14*h + 27391 + 44849 = 0. What is the remainder when h is divided by 12?
10
Let u be 2*1*5/10 - -2. Suppose 0 = u*x + 3*l - 1338, -5*x + 2129 = l - 89. Calculate the remainde